{"id":74,"date":"2016-11-07T08:37:19","date_gmt":"2016-11-07T13:37:19","guid":{"rendered":"http:\/\/localhost\/wordpress\/?page_id=74"},"modified":"2016-12-06T17:21:36","modified_gmt":"2016-12-06T22:21:36","slug":"direccion","status":"publish","type":"page","link":"http:\/\/www.ugelsanchezcarrion.gob.pe\/?page_id=74","title":{"rendered":"Direcci\u00f3n"},"content":{"rendered":"<p><strong>Art\u00edculo 07: Direccion de la UGEL<\/strong><br \/>\nEl Titular de la Unidad de Gesti\u00f3n Educativa Local S\u00e1nchez Carri\u00f3n, es el\u00a0 funcionario con\u00a0 mayor\u00a0 nivel\u00a0 jer\u00e1rquico\u00a0 en\u00a0 su\u00a0 \u00e1mbito\u00a0 jurisdiccional,\u00a0 con\u00a0 autoridad\u00a0 y facultad para adoptar decisiones resolutivas y administrativas de acuerdo a\u00a0 Ley.<\/p>\n<p>Sus funciones son las siguientes:<\/p>\n<p style=\"padding-left: 30px;\">a) Orientar y supervisar la aplicaci\u00f3n de la pol\u00edtica y normatividad educativa e implementar el proceso de mejoramiento continuo de la calidad, equidad y democratizaci\u00f3n del servicio educativo.<\/p>\n<p style=\"padding-left: 30px;\">b) Conducir la formulaci\u00f3n, ejecuci\u00f3n y evaluaci\u00f3n del proyecto educativo de la Unidad de Gesti\u00f3n Educativa Local S\u00e1nchez Carri\u00f3n y los planes operativos anuales, en coordinaci\u00f3n con el Consejo Participativo de Educaci\u00f3n, as\u00ed mismo, aprobar el proyecto educativo y los planes anuales.<\/p>\n<p style=\"padding-left: 30px;\">c) Conducir e incrementar la productividad y eficiencia de los procesos de gesti\u00f3n pedag\u00f3gica, institucional y administrativa de los centros y programas educativos a su cargo.<\/p>\n<p style=\"padding-left: 30px;\">d) Apoyar el proceso de descentralizaci\u00f3n de la gesti\u00f3n efectiva de las Instituciones Educativas.<\/p>\n<p style=\"padding-left: 30px;\">e) Suscribir convenios de cooperaci\u00f3n y\/o contratos con entidades p\u00fablicas o privadas, nacionales o internacionales, encaminados a mejorar la calidad de la educaci\u00f3n.<\/p>\n<p style=\"padding-left: 30px;\">f) Evaluar permanentemente la gesti\u00f3n educativa de su \u00e1mbito, adoptando oportunamente las acciones preventivas y correctivas pertinentes; y presentar los informes de su gesti\u00f3n a las instancias correspondientes.<\/p>\n<p style=\"padding-left: 30px;\">g) Concertar con las entidades p\u00fablicas y privadas en su \u00e1mbito, para ejecutar programas de acci\u00f3n conjunta a favor de la educaci\u00f3n, la ciencia y tecnolog\u00eda, la cultura, la recreaci\u00f3n y el deporte, en su \u00e1mbito.<\/p>\n<p style=\"padding-left: 30px;\">h) Organizar, ejecutar y evaluar acciones de capacitaci\u00f3n continua del personal de las Instituciones Educativas, as\u00ed como del Personal de la Sede Institucional.<\/p>\n<p style=\"padding-left: 30px;\">i) Conducir la formulaci\u00f3n, ejecuci\u00f3n y evaluaci\u00f3n del presupuesto y sus modificaciones en coordinaci\u00f3n con las Instituciones Educativas de su \u00e1mbito territorial.<\/p>\n<p style=\"padding-left: 30px;\">j) Implementar mecanismos de participaci\u00f3n y vigilancia ciudadana para garantizar una gesti\u00f3n transparente y equitativa.<\/p>\n<p style=\"padding-left: 30px;\">k) Aplicar estrategias efectivas y pertinentes para disminuir dr\u00e1sticamente el analfabetismo y apoyar los programas de organizaci\u00f3n multisectorial de alfabetizaci\u00f3n.<\/p>\n<p style=\"padding-left: 30px;\">l) Delegar funciones y atribuciones que faciliten y flexibilicen la descentralizaci\u00f3n.<\/p>\n","protected":false},"excerpt":{"rendered":"<p>Art\u00edculo 07: Direccion de la UGEL El Titular de la Unidad de Gesti\u00f3n Educativa Local S\u00e1nchez Carri\u00f3n, es el\u00a0 funcionario con\u00a0 mayor\u00a0 nivel\u00a0 jer\u00e1rquico\u00a0 en\u00a0 su\u00a0 \u00e1mbito\u00a0 jurisdiccional,\u00a0 con\u00a0 autoridad\u00a0 y facultad para adoptar decisiones resolutivas y administrativas de acuerdo a\u00a0 Ley. Sus funciones son las siguientes: a) Orientar y supervisar la aplicaci\u00f3n de la&#8230;<\/p>\n","protected":false},"author":1,"featured_media":0,"parent":0,"menu_order":0,"comment_status":"closed","ping_status":"closed","template":"","meta":[],"_links":{"self":[{"href":"http:\/\/www.ugelsanchezcarrion.gob.pe\/index.php?rest_route=\/wp\/v2\/pages\/74"}],"collection":[{"href":"http:\/\/www.ugelsanchezcarrion.gob.pe\/index.php?rest_route=\/wp\/v2\/pages"}],"about":[{"href":"http:\/\/www.ugelsanchezcarrion.gob.pe\/index.php?rest_route=\/wp\/v2\/types\/page"}],"author":[{"embeddable":true,"href":"http:\/\/www.ugelsanchezcarrion.gob.pe\/index.php?rest_route=\/wp\/v2\/users\/1"}],"replies":[{"embeddable":true,"href":"http:\/\/www.ugelsanchezcarrion.gob.pe\/index.php?rest_route=%2Fwp%2Fv2%2Fcomments&post=74"}],"version-history":[{"count":13,"href":"http:\/\/www.ugelsanchezcarrion.gob.pe\/index.php?rest_route=\/wp\/v2\/pages\/74\/revisions"}],"predecessor-version":[{"id":587,"href":"http:\/\/www.ugelsanchezcarrion.gob.pe\/index.php?rest_route=\/wp\/v2\/pages\/74\/revisions\/587"}],"wp:attachment":[{"href":"http:\/\/www.ugelsanchezcarrion.gob.pe\/index.php?rest_route=%2Fwp%2Fv2%2Fmedia&parent=74"}],"curies":[{"name":"wp","href":"https:\/\/api.w.org\/{rel}","templated":true}]}}