{"id":2727,"date":"2017-10-25T21:30:03","date_gmt":"2017-10-26T02:30:03","guid":{"rendered":"http:\/\/38.242.151.198\/\/?page_id=2727"},"modified":"2025-03-25T16:49:21","modified_gmt":"2025-03-25T21:49:21","slug":"responsable-portal-transparencia","status":"publish","type":"page","link":"https:\/\/www.ugelsanchezcarrion.gob.pe\/?page_id=2727","title":{"rendered":"Responsable Portal Transparencia"},"content":{"rendered":"<p style=\"text-align: left;\"><span style=\"color: #0000ff;\">Que, mediante Ley N\u00b0 27806 Ley de Transparencia y Acceso a la Informaci\u00f3n P\u00fablica, <\/span><\/p>\n<p style=\"text-align: left;\"><span style=\"color: #0000ff;\">establece un conjunto de disposiciones orientadas a garantizar el principio de publicidad <\/span><\/p>\n<p style=\"text-align: left;\"><span style=\"color: #0000ff;\">en la administraci\u00f3n p\u00fablica, disponiendo la publicaci\u00f3n a trav\u00e9s de \u201cPortales de Transparencia\u201d <\/span><\/p>\n<p style=\"text-align: left;\"><span style=\"color: #0000ff;\">de informaci\u00f3n relacionada con la gesti\u00f3n de toda entidad p\u00fablica; asimismo el art\u00edculo 4\u00b0 de la citada Ley <\/span><\/p>\n<p style=\"text-align: left;\"><span style=\"color: #0000ff;\">se\u00f1ala el procedimiento de la designaci\u00f3n \u00a0de los Funcionarios Responsables de entregar la Informaci\u00f3n <\/span><\/p>\n<p style=\"text-align: left;\"><span style=\"color: #0000ff;\">y de elaborar el portal de transparencia.<\/span><\/p>\n<p style=\"text-align: left;\"><span style=\"color: #0000ff;\">Seg\u00fan resoluci\u00f3n Directoral el encargado o encargados deber\u00e1n actualizar de forma <\/span><\/p>\n<p style=\"text-align: left;\"><span style=\"color: #0000ff;\">permanente la informaci\u00f3n alcanzada de las diversas oficinas<\/span><\/p>\n<p><i class=\"fa fa-hand-o-right\" aria-hidden=\"true\"><\/i> <em><strong>Responsable portal de Transparencia RD N\u00b0 3464-2024<\/strong><\/em>\u00a0<strong>descargar<\/strong> <i class=\"fa fa-file-pdf-o\" aria-hidden=\"true\"><\/i>(<a href=\"http:\/\/www.ugelsanchezcarrion.gob.pe\/wordpress\/wp-content\/uploads\/2025\/03\/RD-N\u00b0-3464-2024...Responsable-del-PTE-UGEL-SC.pdf\" target=\"_blank\" rel=\"noopener\">aqu\u00ed<\/a>)<\/p>\n","protected":false},"excerpt":{"rendered":"<p>Que, mediante Ley N\u00b0 27806 Ley de Transparencia y Acceso a la Informaci\u00f3n P\u00fablica, establece un conjunto de disposiciones orientadas a garantizar el principio de publicidad en la administraci\u00f3n p\u00fablica, disponiendo la publicaci\u00f3n a trav\u00e9s de \u201cPortales de Transparencia\u201d de informaci\u00f3n relacionada con la gesti\u00f3n de toda entidad p\u00fablica; asimismo el art\u00edculo 4\u00b0 de la&#8230;<\/p>\n","protected":false},"author":1,"featured_media":0,"parent":0,"menu_order":0,"comment_status":"closed","ping_status":"closed","template":"","meta":[],"_links":{"self":[{"href":"https:\/\/www.ugelsanchezcarrion.gob.pe\/index.php?rest_route=\/wp\/v2\/pages\/2727"}],"collection":[{"href":"https:\/\/www.ugelsanchezcarrion.gob.pe\/index.php?rest_route=\/wp\/v2\/pages"}],"about":[{"href":"https:\/\/www.ugelsanchezcarrion.gob.pe\/index.php?rest_route=\/wp\/v2\/types\/page"}],"author":[{"embeddable":true,"href":"https:\/\/www.ugelsanchezcarrion.gob.pe\/index.php?rest_route=\/wp\/v2\/users\/1"}],"replies":[{"embeddable":true,"href":"https:\/\/www.ugelsanchezcarrion.gob.pe\/index.php?rest_route=%2Fwp%2Fv2%2Fcomments&post=2727"}],"version-history":[{"count":2,"href":"https:\/\/www.ugelsanchezcarrion.gob.pe\/index.php?rest_route=\/wp\/v2\/pages\/2727\/revisions"}],"predecessor-version":[{"id":23290,"href":"https:\/\/www.ugelsanchezcarrion.gob.pe\/index.php?rest_route=\/wp\/v2\/pages\/2727\/revisions\/23290"}],"wp:attachment":[{"href":"https:\/\/www.ugelsanchezcarrion.gob.pe\/index.php?rest_route=%2Fwp%2Fv2%2Fmedia&parent=2727"}],"curies":[{"name":"wp","href":"https:\/\/api.w.org\/{rel}","templated":true}]}}